the units digit of 40/7 + o/14?
6
Suppose 55 + 10 = 5*m. Let n = 23 - m. Let a = n + -6. What is the units digit of a?
4
Let x = 1 + 1. Let t(a) = 3*a**2 + a + 2. Let u be t(x). Suppose u = -0*q + 2*q. What is the units digit of q?
8
Let a = -14 - -12. Let d(x) = 6*x**2 - x + 2. What is the tens digit of d(a)?
2
Let v = 67 + -97. Let n = -17 - v. What is the units digit of n?
3
Let i(k) = k**2 + k. Let m(y) = -y**3 + 17*y**2 + 18*y - 10. Let g(z) = 6*i(z) - m(z). What is the units digit of g(12)?
0
Let n(o) = -o**3 + o**2 + o - 4. Let g be n(0). What is the units digit of (-2)/g*(3 + 45)?
4
What is the tens digit of 234/2 + -1 + (-8)/4?
1
Let r be (-1)/(-2)*(-11 - -9). What is the units digit of (8 - (-4)/r)/2?
2
Let o be 23/(15/(-12) - -1). What is the units digit of 2/1 - o/4?
5
Suppose 696 = -5*k + 216. What is the units digit of k/56*(1 + -8)?
2
Let v(a) = -a**2 - 9*a + 2. Let n be v(-9). Suppose -4*b + n*b + 10 = 0. Suppose d + 2*m - 26 = -d, 0 = -b*d - m + 49. What is the units digit of d?
9
Let q(o) = o**2 + 3*o - 4. Let d be q(-3). Let r = 10 + d. What is the units digit of r?
6
Let y(v) = -9 - 4 + 11 - 5 - 3*v. What is the units digit of y(-5)?
8
Let r = -326 + 565. What is the tens digit of r?
3
Let t(r) = r**2 - 3*r - 1. Let a be t(2). Let d be a/2*170/(-15). Let c = -6 + d. What is the units digit of c?
1
Suppose -5*j = -j - 64. Suppose 0 = -3*b - 2*r + j, 0 = 3*b + 5*r - 3 - 19. Suppose b*d = d + 48. What is the tens digit of d?
1
Let m = 8 + -3. Suppose m = 2*i - 5. What is the units digit of i?
5
What is the tens digit of 147/4 - 4/(-16)?
3
Suppose 38 = 4*a - 0*a - w, -33 = -3*a + 3*w. Suppose 0 = -5*z + a + 26. Suppose z - 1 = 3*f. What is the units digit of f?
2
Let h = -144 + 253. Let c = -64 + h. What is the units digit of c?
5
Let g(t) = -t**2 - 9*t - 8. Let j be g(-8). Suppose -4*x = -j*x. Suppose 3 = -x*q + q. What is the units digit of q?
3
Let q(p) = p**2 + 9*p + 3. Let u be q(-9). Suppose y + 2 = 0, 4*h + u*y = h + 81. What is the tens digit of h?
2
Suppose 38*b - 36*b = 86. What is the units digit of b?
3
Let p(k) = -k**2 - 7*k. Suppose -2*n - 3*n - 20 = 0. What is the tens digit of p(n)?
1
Let s(p) = -p**2 + 10. Suppose 5*t - 4*t = 0. What is the units digit of s(t)?
0
What is the tens digit of -8*(10/4 + -53 + 0)?
0
Suppose -p - g - 3 = 2, 25 = -2*p - 5*g. Suppose p*t - t + 5 = 0. Suppose 2*d - t - 9 = 0. What is the units digit of d?
7
Let q = -154 - -338. What is the hundreds digit of q?
1
Let q = -36 - -15. Let p = 57 + q. What is the tens digit of p?
3
Let d be -1 - (-3 + 3 + -16). Let x be ((-459)/12)/(-3)*4. Suppose -3*p - d = -x. What is the units digit of p?
2
Let t be (1 - 2)*0 + 2. Suppose -3*s - 6 = -4*r, -t*r + 4*s = -5*r - 8. Suppose -h + 7 + 3 = r. What is the units digit of h?
0
Let p(f) = -5*f + 0 - 4 - 1 + 1 - f**2. What is the units digit of p(-3)?
2
Let o be (-2 - (-1 + 1))*2. Let y = o + 6. Suppose -y = -2*b - 0. What is the units digit of b?
1
Let o(b) = 6*b**2 - b + 1. Suppose 2*y + y = 3. What is the units digit of o(y)?
6
Let z(t) = -4 - 5*t**2 + 10 + 4*t**3 - 3*t**3. Let v = 27 - 22. What is the units digit of z(v)?
6
Suppose -4*w - 39 + 391 = 0. What is the tens digit of w?
8
Suppose 4*y = 5*y + 6. Suppose -3*b + 17 + 4 = 0. Let c = b + y. What is the units digit of c?
1
Let w = 3 + 12. Suppose b - 3 = w. What is the units digit of b?
8
Let z(o) = -2*o - 1. Let b be z(-8). What is the units digit of 1*(b/(-1))/(-1)?
5
Suppose -30 = -3*b + 5*r, 4*r + 0*r = -12. What is the units digit of 3 - 5/(b/2)?
1
Let s(j) = -j**3 - 4*j**2 + 7*j + 3. Let w be s(-5). Let t = w - -15. Suppose 5*m + 3*k + 2 = -2, -m - 3*k = t. What is the units digit of m?
1
Suppose 5*b - 3*b = 4. Suppose -b*d + 7 + 7 = 0. What is the units digit of d?
7
Let n be (-2)/(-1 - 10/(-8)). Let u = 44 + n. What is the units digit of (-43)/(-9) + 8/u?
5
Let m(v) = 2*v**2 + 2. What is the units digit of m(-2)?
0
Suppose 33 = l + 8. What is the units digit of l?
5
What is the tens digit of 3/(-7) + (-849)/(-21)?
4
Suppose 0 = q - 0*q. Suppose b = -q*b. Let u(x) = x**3 + x**2 - x + 12. What is the tens digit of u(b)?
1
Suppose 0 = -j + f + 2*f + 11, 3*j = -2*f. Suppose 15 = j*m - 33. What is the tens digit of m?
2
Suppose -3*n = c + 4*c - 123, n - 4*c - 41 = 0. What is the units digit of n?
1
Let j(f) = 5*f**2 + 5*f - 10. Let u(k) = -14*k**2 - 15*k + 30. Let v(p) = 17*j(p) + 6*u(p). What is the units digit of v(4)?
6
Let q(u) = -u**2 + 23*u + 17. What is the units digit of q(19)?
3
Let d be (-31)/(-4) - 3/(-12). Suppose 0*z = -2*z + d. What is the units digit of z?
4
Suppose 0 = -10*o + 974 + 76. What is the hundreds digit of o?
1
Let f(j) = 3 - 1 + 4*j - 12 - 8. What is the tens digit of f(8)?
1
Suppose -2*l - 32 = -5*v - 0*l, -4*v = l - 23. What is the units digit of v?
6
Let y = -1 - 0. Let v(g) = -37*g**2 + 15*g - 13. Let r(w) = 18*w**2 - 7*w + 6. Let z(h) = 13*r(h) + 6*v(h). What is the tens digit of z(y)?
1
Let f = 220 + -79. What is the units digit of f?
1
Suppose -u + 3*u = 10. Suppose 4*i + u*y - 73 = -0*i, -3*y = -i + 31. What is the units digit of i?
2
Suppose 72 = 3*v + v. Suppose -v = -j - 13. What is the units digit of j?
5
Let a(q) = -q**3 + 10*q**2 - 5*q - 8. What is the tens digit of a(6)?
0
Let g be ((-2)/4)/(3/(-18)). Suppose 0*t + 6 = g*t. Suppose l = -2*l + 3*a + 78, 0 = t*l - 5*a - 64. What is the units digit of l?
2
Suppose -w + 4*d = 9*d + 23, 2*w + 6 = -2*d. Suppose -80 = -6*n + w*n. What is the units digit of n?
0
Let j(i) = 4*i + 2. What is the units digit of j(4)?
8
Let s(a) = -a**2 - 10*a + 8. What is the tens digit of s(-9)?
1
Suppose -3 = -3*u + 6*u. What is the tens digit of (-2 - -5) + u + 11?
1
Let i(p) = 4*p**3 + p - 1. What is the units digit of i(1)?
4
Let m(a) = -a + 9. Let r be m(7). Let n be (-27)/(-6) - r/(-4). Suppose n*x - 23 = 7. What is the units digit of x?
6
Let c = -13 + 9. What is the units digit of 6/c + (-616)/(-16)?
7
Suppose -250 - 78 = -3*l + u, -3*l + 4*u + 331 = 0. What is the tens digit of l?
0
Let i = -16 + 28. What is the units digit of i?
2
Let b(z) = -z + 6. Suppose -v = -0*v. Let p be b(v). Suppose -d + p*d - 35 = 0. What is the units digit of d?
7
Suppose -3*j - 2*r - 1 = 2*r, 0 = -5*j + 3*r - 50. Let n(w) = -w**2 - 6*w + 9. Let i be n(j). Suppose 3*v = v + i. What is the units digit of v?
1
Let w = -10 - -6. Let t(j) = -j**2 - 4*j + 3. Let y be t(w). Suppose 5*n - 3*d - 24 = 0, 3*d - d = -n - y. What is the units digit of n?
3
Let o(v) = -v**2 - v - 3. Let p be o(0). Let l be -9*(11/33)/(2/(-10)). Let c = l + p. What is the units digit of c?
2
Let r(l) = l**2 + 5*l - 6. Let g be r(-7). Suppose -2*h = -g, 2*h + 10 = 3*m - 30. What is the units digit of m/10 + 4/10?
2
Suppose -5*w - 15*w + 4960 = 0. What is the hundreds digit of w?
2
Let x = 17 + 64. What is the units digit of x?
1
Let b(t) = t**3 - 5*t**2 - 8*t + 5. Let c be b(6). Let k(j) = 3*j**3 - j + 7*j**2 - 4 - 2*j**3 + 3. What is the units digit of k(c)?
6
Suppose l - 43 = -0*g + 5*g, 5*l = -4*g + 244. Suppose -p = 5*j - 99, p + 33 + l = 4*j. What is the units digit of 2/3 + j/15?
2
Let y(v) = v**2 + 2*v + 6. What is the units digit of y(-3)?
9
Suppose -22 = -3*q + 4*x, 6*q - 2*x = q + 32. Suppose -4*f + 32 = 3*m, 4*m + f - q = 3*f. What is the units digit of m?
4
Let z(g) be the second derivative of -3*g**3/2 - 2*g**2 + 8*g. What is the tens digit of z(-4)?
3
Let h = -5 - -9. Suppose h*r + 5*y - 3 = 0, -2*r + 4 = 5*y + 15. What is the units digit of r?
7
Let w = -1 + -1. Let j be 4 + (-1)/(1 + w). Suppose -j*u + 13 = -7. What is the units digit of u?
4
Suppose -4*n + 20 = 2*j, -5*j + 4 = n - 10. What is the tens digit of 126/12 - (-3)/j?
1
Let y = 29 + -15. Let k = y - -32. What is the tens digit of k?
4
Suppose 2*t - w - 7 = 0, 2*t + 2*t + 4*w + 4 = 0. Let i = -4 - -5. Suppose 5 = t*c - i. What is the units digit of c?
3
Suppose f - 318 = -2*v, -5*v + 5*f = 2*f - 784. What is the units digit of v?
8
Let w = 39 + -9. Let c be 2/(-4) + w/4. What is the units digit of 58/7 - 2/c?
8
Let m = -8 - -7. What is the units digit of (12/8)/m*-18?
7
Let n(t) = -t**3 + 6*t**2 - 8*t - 5. Let i be n(7). Let y = i - -66. What is the units digit of (-2)/5 + y/(-10)?
4
Suppose -21 = 3*v - 0*v + 3*a, a = -3*v - 17. What is the